 2*c**2 + 3*c + 4. Let h = 241 + -241. Let l be ((-51)/(-15) - h) + 2/(-5). Give s(l).
22
Suppose 82 - 31 = 3*f. Let w(h) = 5*h + 8*h**2 - f*h**2 - 2*h + 12*h**2 + 2*h**3. Give w(-2).
-10
Let k be (48/10)/(27/180). Let p(z) = z**2 - 7 - k*z + 38*z + 3. Give p(-5).
-9
Let o(n) = n**3 + 12*n**2 + 15*n + 15. Let b(f) = -f**3 + 5*f**2 - 7*f + 24. Suppose -5*k + 5 - 25 = -3*y, -3*k = -5*y + 28. Let g be b(y). Calculate o(g).
-29
Let y(z) = 360*z + 1026. Let w(i) = 27*i + 79. Let g(k) = -27*w(k) + 2*y(k). Calculate g(-10).
9
Let n(y) = y**2 + 2*y - 3. Suppose 3*v = 12 - 9. Let f be v/7 + 299/161. Determine n(f).
5
Let r(b) = 5*b**3 + 24*b**2 - 25*b - 20. Let o(y) = -y**3 - 6*y**2 + 6*y + 5. Let k(n) = 9*o(n) + 2*r(n). Let d be ((-35)/(875/(-200)))/((-6)/9 + 2). Give k(d).
29
Let b(g) be the second derivative of 13*g**5/20 + 7*g. Let x be 21/15 - ((-8)/5 + 2). Give b(x).
13
Let k(o) be the third derivative of -o**4/8 - 8*o**3/3 - 1222*o**2. Give k(-4).
-4
Let x(b) = -5*b - 23. Let j(d) = -5*d**3 - 38*d**2 + 61*d - 4. Let t be j(-9). Give x(t).
-93
Let c(t) = t**3 - 3*t**2 - 4*t + 2. Suppose -7*y - 3*z + 11 = 0, 29*y - 30*y = -5*z - 7. What is c(y)?
-10
Suppose -f - 5*h = 13, 5*h = 4*f + f - 85. Let d(w) = -8*w + 90. Let v be d(f). Let l(j) = -j**2 - 3*j + 5. Give l(v).
-13
Suppose 29*v = 84958 - 85132. Let t(x) = -48*x - 296. Give t(v).
-8
Let g(t) be the first derivative of -t**4/2 + t**3/3 - 3*t**2/2 + 3*t + 1651. Let b be (-4)/(-2)*(-45)/(-10). Let s = b + -7. Determine g(s).
-15
Let c(g) = g**2 - 5*g + 2. Let a(m) = m**3 - 10*m**2 - 13*m + 27. Let i be a(11). Suppose -i*f = -f + 76. Let n be 1/(f/5 - -4). What is c(n)?
2
Let n(l) = 2*l**3 - 16*l**2 + 17*l - 28. Let d = -11882 + 11889. Give n(d).
-7
Suppose -3*b = 5*j - 37, -b + 158*j = 161*j - 15. Let l(x) = x**3 - 10*x**2 + 6*x + 3. Give l(b).
-24
Let m(c) = -52*c - 58. Let k(a) = 73*a + 87. Let x(l) = -5*k(l) - 7*m(l). Determine x(-20).
-9
Let m(t) = t**3 + 2*t**2 + 8*t + 11. Suppose -5*n - 4*z = -11, -n + 4*z = 4*n + 21. Let o(a) = -a**2 + 2*a + 2. Let g(j) = n*m(j) + 3*o(j). Calculate g(-5).
5
Let h(l) = l**2 + l + 13. Let n = -98 + 168. Let f = n + -69. Suppose 2*m = -5*u - 2, 4*u = -0*m - m - f. Give h(u).
13
Let a(c) be the second derivative of c**4/12 + c**3 + 7*c**2/2 + 329*c. Calculate a(-2).
-1
Let c(b) = b**2 - 12*b + 14. Suppose 11*h - 8*h - v = 778, 2*h = -v + 527. Let a = -251 + h. Calculate c(a).
-6
Let g(h) = -21*h - 21. Let p(x) = -157*x - 147. Let j(y) = 15*g(y) - 2*p(y). Determine j(0).
-21
Let g be (-178)/445 + -1 + 104/10. Let y be (g/6)/((-5)/((-40)/6)). Let k(n) be the second derivative of -n**3/2 + n**2/2 - 2*n. Determine k(y).
-5
Let a = -9585 - -9587. Let k(b) be the first derivative of 24 + 1/4*b**4 - 1/3*b**3 - 1/2*b**a - 11*b. What is k(0)?
-11
Let d = 256 + -256. Suppose d = -17*c + 8 + 43. Let a(s) = s - 5. What is a(c)?
-2
Suppose 502*x = 2*g + 501*x - 5, 2*g + x + 9 = 0. Let q(j) = -2 - 11*j + 2. Determine q(g).
11
Let f(u) be the third derivative of 5*u**4/24 + u**3/3 + 3426*u**2. Let j = 4 - 3. Give f(j).
7
Suppose 72*u + 18 = 75*u. Let a(l) = 30 - 32 - u*l + 3*l. Suppose 5*d - b = 15, -d + 3*b = 4*d - 25. Give a(d).
-8
Let l(m) be the third derivative of -m**5/60 + m**4/24 - 8*m**3 - 75*m**2 - 11. What is l(0)?
-48
Let b(c) = -c**2 - c + 9. Let g = -1357 + 1363. Determine b(g).
-33
Suppose 4*a = 8 + 4. Let h = a + -1. Let x(c) = 234*c**2 - 120*c**h - 1 - 115*c**2 - c. What is x(2)?
-7
Let m(q) be the third derivative of -q**6/120 - q**5/12 - q**4/6 - 5*q**3/6 - 3*q**2 + 3. Suppose k - 2*v - 6 = 0, -2*k - 4*v = 11 + 17. Determine m(k).
-5
Let o(b) = -5 - 2 - 6 - 477297*b + 477299*b - 5. Calculate o(11).
4
Let y(n) be the first derivative of 5*n**2/2 + 11*n - 455. Give y(-4).
-9
Let d be (-3)/(-12) - 0 - 14172/(-16). Suppose d = 2*s + 138. Let c(z) = -s*z + 190*z - 5 + 189*z. Determine c(4).
15
Suppose 5*m + 3 = 2*v - 6, 0 = m + 3. Let j(f) = f**3 + f**2 - 5*f + 5. Let h be j(-3). Let d(p) = -64*p**2 + 2 - 5*p + 62*p**h - 4. Determine d(v).
-5
Let a(b) = -3*b - 47. Let n be a(-17). Suppose 9 - 33 = -n*r. Let d(l) be the third derivative of l**4/24 - 7*l**3/6 + 12*l**2. What is d(r)?
-1
Let a(w) = w - 3. Let o(b) = 5*b**2 + 5*b + 20. Let n(g) = 3*g**2 + 3*g + 13. Let d(r) = -8*n(r) + 5*o(r). Let y be d(-3). Calculate a(y).
-1
Let w(t) = 213*t + 2542. Let z be w(-12). Let s(i) = -i - 24. Determine s(z).
-10
Let s be 7*((-1425)/(-1275) + (-6)/51). Let r(l) be the third derivative of l**6/120 - 2*l**5/15 + 7*l**4/24 + 2*l**2. Calculate r(s).
0
Suppose 134*h + 192*h - 1868 = 1066. Let v(w) = -14*w + 136. Calculate v(h).
10
Let a(x) = 2*x**2 - 2*x - 4. Suppose -2*s = -15*j + 16*j + 3, -8 = 2*s - 4*j. Give a(s).
8
Let z(n) = -n**3 + n**2 + n - 3. Suppose -4*u - 686 = -5*r + 233, 5*r + 3*u = 912. Suppose -50*d + r = 11*d. Calculate z(d).
-18
Let m be (-18)/(-117) - 12/(-117)*-879. Let s = -86 - m. Suppose 3*w + s = 4*n, 0*n - 5*w = -4*n + 4. Let z(u) = -11*u - 1. Determine z(n).
-12
Let r(x) = 9*x**2 + 91*x + 14. Let s(n) = 5*n**2 + 51*n + 7. Let v(u) = 3*r(u) - 5*s(u). Give v(-9).
7
Let y(t) be the second derivative of t**4/4 - 8*t**3 - 7*t**2/2 + 523*t. Determine y(16).
-7
Let b(v) = -4*v**2 + 60*v + 17. Let d = -17372 + 17387. Give b(d).
17
Let n(h) = 7*h**3 + 13*h**2 - 6*h - 13. Let m(p) = 4*p**3 - 5*p - 12*p**3 + 12*p + 14 - 14*p**2. Let b(u) = -6*m(u) - 7*n(u). Determine b(-7).
7
Let k(p) = p**3 + 17*p**2 + 14*p - 14. Let j(f) = f**3 + 3*f**2 + 2*f - 2. Let o(d) = 6*j(d) - k(d). Calculate o(1).
6
Let f(d) = -7*d**2 - d - 1. Let w(m) = 2*m**3 - 9*m - 3. Let v be w(5). Let n = v + -204. Calculate f(n).
-27
Let d(m) = 4*m**3 - m**2 + 2*m - 3. Let h = -200 - -210. Suppose -28 = -9*a - h. What is d(a)?
29
Let t(b) = -b**2 + 14*b - 38. Suppose -37*g + 38*g = -5*v + 29, v = -2*g + 22. Calculate t(g).
7
Let s = 2611 - 2611. Let q(d) = d**2 - d + 38. Determine q(s).
38
Let x(j) be the second derivative of j**3/6 + 5*j**2/2 - 12*j + 62. Let t be (0 - -2) + (-2)/(-1). Let f be (-4)/(t - 2) + -1. Calculate x(f).
2
Let t(i) = i**2 - 3*i + 4. Suppose -6283*k + 27 = -6274*k. Give t(k).
4
Suppose 15*a + 7 - 22 - 15 = 0. Let s(i) = -i. Let d(q) = -3 + 2 - 1. Let k(x) = a*d(x) - 6*s(x). Calculate k(3).
14
Let s(o) = -5*o + 15. Let z be (-9)/(-5) - (-7)/35 - 4. Let f(k) = -k + 3. Let n(b) = z*s(b) + 9*f(b). Give n(6).
3
Let d(b) = b**2 - 7*b - 4. Let m(r) = 14*r**2 - 97*r - 2. Let z be m(7). Suppose 7 = z*g - 13. Determine d(g).
-16
Let l(c) = -3*c - 45. Let i = -885 + 872. Determine l(i).
-6
Suppose 17482*r = 17377*r + 630. Let w(a) = -a + a**3 - 6*a**2 + 2*a + 0*a**3 - 2. What is w(r)?
4
Let c = -372 + 377. Let x(m) = 3 + 3*m**2 + 0*m**2 + 4*m + c*m + 8*m - 2*m. Determine x(-6).
21
Let t(b) = b**3 + b**2 - b - 2. Let u(j) = -7*j**3 - 28*j**2 - 15*j + 14. Let g(q) = 6*t(q) + u(q). Let r be g(-21). Let a(o) = o**2 - 2*o - 1. Calculate a(r).
-1
Let v(i) = 25*i**2 + 8*i - 8. Let l(y) = 4*y**2 + 2*y - 2. Let s(o) = -6*l(o) + v(o). What is s(-5)?
49
Let t(m) = -4*m - 27. Let n be t(-6). Suppose -5*v - 3*f + 0*f = -65, v + 2*f = 20. Let z(q) = -7*q + 7 - 1 + v*q - 3. Determine z(n).
-6
Let x(r) = 9*r + 29*r**2 - 57*r**2 + 147 + 29*r**2 + 19*r. What is x(-23)?
32
Let n(z) be the second derivative of z**4/3 + 11*z**3/2 + 17*z**2 + 3048*z. Give n(-7).
-1
Let q be (-4)/16*-12 + (-6)/2. Suppose -8*o + 3*o = 0. Suppose o*j + 2*j - 8 = q. Let b(z) = -z. Determine b(j).
-4
Let l be 378/(-27) - (-1 + -15). Let j(i) = 7*i**3 - 2*i**2 + i - 1. Determine j(l).
49
Let x = -31 + 38. Suppose -3*l = -4*v + 11, l = -5*v + x*v - 7. Let b(r) = 3*r - 16. Give b(v).
-1
Suppose 126 + 51 = 32*k + 49. Let b(x) = x**2 + 3*x - 30. What is b(k)?
-2
Let o(j) = 10*j - 34. Suppose 15*b = -107 + 305 - 138. Give o(b).
6
Let f(z) = -1729*z + 10381. Let q be f(6). Let j(a) be the first derivative of -a**3/3 + 3*a**2 - 7*a + 1. Give j(q).
-14
Let z(y) = -131 - 64 - 3*y**3 + 2*y**3 + 4*y + 37 + 26*y**2 + 15*y**2. Calculate z(41).
6
Let p(i) = -16 - 1018*i - 42 + 1025*i. Determine p(9).
5
Suppose 13*y - 14*y - 5*g - 24 = 0, -y - 4*g - 20 = 0. Let w(x) = -2*x**2 - x - 3. Calculate w(y).
-31
Let v be (3/(-4))/(5/(-20)). Let b(t) = 3*t + 0 + 19*t**v - 18*t**3 + t**2 - 4*t**2 - 1. What is b(3)?
8
Let h = -23 - -34. Suppose